?
True
Is 1836 a factor of 1060227576?
True
Is 555991464 a multiple of 4833?
False
Is 91246476 a multiple of 12?
True
Is 1060204593 a multiple of 1255?
False
Does 276 divide 3289644?
True
Is 27288196 a multiple of 76?
False
Is 678010742 a multiple of 3056?
False
Does 97 divide 1808173314?
True
Is 41084669 a multiple of 291?
False
Is 2463 a factor of 391461831?
True
Is 5505 a factor of 1073662170?
True
Is 57458370 a multiple of 2385?
False
Does 1916 divide 1066276992?
True
Is 95 a factor of 49025605?
True
Does 20 divide 50967960?
True
Is 345393651 a multiple of 809?
True
Does 44 divide 8870091?
False
Does 23 divide 25473244?
False
Is 136865086 a multiple of 2114?
False
Does 314 divide 9674968?
True
Does 20572 divide 364995231?
False
Is 15 a factor of 97768350?
True
Is 9 a factor of 408314495?
False
Does 7 divide 31355477?
False
Is 5 a factor of 1250373590?
True
Is 9 a factor of 26058996?
True
Is 96621156 a multiple of 1044?
True
Does 1076 divide 29608292?
True
Is 1580 a factor of 40639207?
False
Is 198 a factor of 3897075773?
False
Is 39946021 a multiple of 1607?
False
Is 606266 a multiple of 1684?
False
Does 28 divide 55090884?
False
Is 11030880 a multiple of 5?
True
Does 178 divide 181283744?
True
Does 429 divide 5476185?
True
Is 838 a factor of 23503386?
True
Does 33 divide 3992987?
False
Is 22 a factor of 193894545?
False
Does 1791 divide 130315265?
False
Is 1213 a factor of 19176340?
False
Does 25 divide 83016550?
True
Is 676 a factor of 99220997?
False
Does 4067 divide 115104667?
False
Is 177475088 a multiple of 904?
True
Is 46 a factor of 149392866?
True
Is 621118744 a multiple of 286?
False
Does 10 divide 98448860?
True
Is 169 a factor of 283556819?
True
Does 44 divide 28903550?
False
Is 93 a factor of 70909058?
False
Does 69 divide 7944453?
True
Is 1193 a factor of 87537729?
False
Does 6560 divide 1360651605?
False
Does 1986 divide 523284123?
False
Is 23 a factor of 1569406668?
False
Does 90 divide 487116492?
False
Is 4496 a factor of 2946251280?
True
Does 15 divide 2907321630?
True
Does 39 divide 2111419050?
True
Is 2903 a factor of 74128553?
False
Is 142 a factor of 132475831?
False
Does 14 divide 356556250?
False
Does 1008 divide 161028000?
True
Does 25 divide 142811225?
True
Is 206020390 a multiple of 239?
True
Does 890 divide 2822265650?
True
Is 171322333 a multiple of 69?
False
Is 14138788 a multiple of 158?
True
Is 11 a factor of 23091587?
False
Is 24 a factor of 841388056?
False
Is 52 a factor of 4784485056?
True
Is 17140338 a multiple of 531?
False
Is 2 a factor of 11963568?
True
Is 3 a factor of 2750011?
False
Is 20 a factor of 146366100?
True
Does 12 divide 4179748?
False
Is 281 a factor of 8515844?
False
Does 100 divide 36773400?
True
Is 48 a factor of 19779216?
True
Is 17 a factor of 82686372?
False
Does 24 divide 32006520?
True
Is 291 a factor of 546663870?
True
Is 700 a factor of 1959529600?
True
Does 542 divide 2237201476?
True
Is 4012832 a multiple of 44?
False
Is 4472 a factor of 561128672?
True
Is 264 a factor of 423284725?
False
Is 2774 a factor of 96615646?
True
Does 49 divide 26979029?
False
Does 665 divide 32217920?
True
Does 1277 divide 1597031873?
False
Is 234 a factor of 423402355?
False
Is 7 a factor of 63426922?
False
Does 9 divide 29478951?
True
Is 525 a factor of 5294199?
False
Is 72 a factor of 18390456?
True
Is 1658 a factor of 436442850?
False
Is 1158489548 a multiple of 911?
True
Is 7 a factor of 2646147390?
False
Is 3 a factor of 476125112?
False
Does 53 divide 34743487?
False
Is 12 a factor of 92286588?
True
Is 20 a factor of 36848192?
False
Is 2056265 even?
False
Is 8472900 a multiple of 1220?
True
Is 8 a factor of 16822128?
True
Is 15 a factor of 346561183?
False
Is 159 a factor of 468098544?
True
Is 83 a factor of 1838753?
False
Is 92 a factor of 59580295?
False
Does 93 divide 763367715?
True
Does 273 divide 10775707?
False
Is 84533822 a multiple of 23?
False
Does 3 divide 76062388?
False
Does 834 divide 3363584382?
False
Is 4925129 a multiple of 63?
False
Does 10 divide 2836304800?
True
Does 1629 divide 990321181?
False
Is 1759029 a multiple of 108?
False
Does 2 divide 16630757?
False
Is 12466103 a multiple of 2?
False
Does 9474 divide 2252557188?
True
Is 23 a factor of 71443727?
True
Does 832 divide 919814303?
False
Is 2013655117 a multiple of 1366?
False
Is 2526668725 a multiple of 812?
False
Does 47 divide 3448162332?
True
Is 4756495805 a multiple of 18143?
False
Is 16 a factor of 17676801?
False
Is 3 a factor of 27699868?
False
Is 32094600 a multiple of 359?
True
Is 5142546 a multiple of 3?
True
Is 6995 a factor of 70186367?
False
Does 120 divide 43504080?
True
Is 4 a factor of 53394824?
True
Is 152758607 a multiple of 7?
False
Does 88 divide 98409389?
False
Does 40 divide 463063320?
True
Is 208645281 a multiple of 801?
True
Does 30 divide 252411?
False
Is 367 a factor of 941766332?
False
Does 352 divide 4082144?
True
Is 202 a factor of 52438392?
True
Is 11535564 a multiple of 18?
False
Does 149 divide 21233394?
True
Is 97669174 a multiple of 1783?
True
Is 21 a factor of 150180217?
False
Does 53 divide 2586934399?
True
Is 17 a factor of 675540947?
False
Does 342 divide 226025176?
False
Is 29662226 a multiple of 3?
False
Is 1349 a factor of 27824539?
False
Does 15 divide 77464201?
False
Is 174123121 a multiple of 1418?
False
Does 3584 divide 52971520?
True
Is 56165499 a multiple of 30?
False
Is 68 a factor of 17942150?
False
Is 12653379 a multiple of 430?
False
Does 1004 divide 167024306?
False
Is 954669044 a multiple of 1016?
False
Is 1165936355 a multiple of 7056?
False
Is 20398686 a multiple of 134?
True
Does 1821 divide 476931606?
False
Does 14 divide 541260471?
False
Is 10 a factor of 968686397?
False
Is 241459396 a multiple of 43?
False
Does 88 divide 1482066?
False
Does 470 divide 24853513?
False
Does 3777 divide 1563599175?
False
Is 13944081 a multiple of 4?
False
Does 3 divide 65542260?
True
Is 18358114 a multiple of 34?
False
Is 4768803 even?
False
Is 2455 a factor of 390681339?
False
Is 35 a factor of 14103950?
True
Does 6 divide 17875620?
True
Is 402 a factor of 4923291?
False
Is 332 a factor of 335151676?
True
Is 302984438 a multiple of 61?
True
Does 393 divide 1502578122?
True
Is 120 a factor of 198124655?
False
Does 272 divide 12875346?
False
Is 2729 a factor of 18085083?
True
Is 22968871 a multiple of 1117?
True
Does 1047 divide 200804130?
True
Is 1147 a factor of 21033316?
False
Is 74745154 a multiple of 22?
True
Is 3910788 a multiple of 49?
True
Is 3131233392 a multiple of 28?
True
Does 25 divide 3199175?
True
Is 30 a factor of 171717338?
False
Does 1817 divide 17743005?
True
Is 468 a factor of 95372316?
True
Is 28822608 a multiple of 36?
True
Does 29 divide 2055251779?
True
Is 74 a factor of 52598848?
False
Is 25882094 a multiple of 23?
False
Does 181 divide 208510968?
False
Does 78 divide 938420552?
False
Is 103575983 a multiple of 7?
True
Does 2013 divide 1631888001?
False
Is 62460 a multiple of 20?
True
Is 881 a factor of 89657432?
False
Is 421 a factor of 14874351?
True
Is 27 a factor of 2656468143?
True
Does 70 divide 8169280?
True
Does 1477 divide 126032410?
True
Is 139368791 a multiple of 79?
False
Does 16 divide 25136979?
False
Does 506 divide 74408818?
True
Is 20 a factor of 16593100?
True
Is 521 a factor of 35991457?
False
Does 686 divide 34426145?
False
Is 99378524 a multiple of 1653?
False
Is 163473900 a multiple of 25?
True
Is 5010016 a multiple of 2066?
False
Is 87297870 a multiple of 30?
True
Does 880 divide 2595523084?
False
Is 249 a factor of 31116534?
True
Does 1062 divide 859271129?
False
Does 7 divide 180448684?
False
Is 1414967890 a multiple of 18?
False
Is 507347568 a multiple of 312?
True
Is 5614738 a multiple of 133?
False
Is 120043707 a multiple of 1848?
False
Is 2543 a factor of 676588037?
True
Is 658 a factor of 20930254?
False
Does 218 divide 219801446?
False
Is 111 a factor of 23213319?
True
Is 18274432 a multiple of 12?
False
Is 30993222 a multiple of 39?
True
Is 686836730 a multiple of 8362?
False
Is 33 a factor of 73706194?
False
Does 308 divide 587326876?
False
Is 405382200 a multiple of 30?
True
Is 78727320 a multiple of 14?
True
Does 64 divide 12831345?
False
Does 5 divide 207591515?
True
Is 47564807 a multiple of 94?
False
Does 343 di